t the prime factors of 392021.
7, 56003
List the prime factors of 6786198.
2, 3, 377011
List the prime factors of 134820.
2, 3, 5, 7, 107
List the prime factors of 35243366.
2, 19, 223, 4159
What are the prime factors of 3842993?
7, 11, 29, 1721
List the prime factors of 1030578.
2, 3, 171763
What are the prime factors of 96784?
2, 23, 263
What are the prime factors of 153339?
3, 79, 647
What are the prime factors of 660931?
37, 17863
List the prime factors of 848126.
2, 41, 10343
List the prime factors of 106427.
106427
What are the prime factors of 3494732?
2, 29, 47, 641
What are the prime factors of 10944?
2, 3, 19
List the prime factors of 1958920.
2, 5, 48973
What are the prime factors of 16715867?
7, 127, 18803
List the prime factors of 6948942.
2, 3, 7, 11, 13, 89
List the prime factors of 4070384.
2, 67, 3797
What are the prime factors of 15256043?
11, 59, 2137
List the prime factors of 1507196.
2, 47, 8017
What are the prime factors of 270302?
2, 135151
What are the prime factors of 20727339?
3, 6909113
List the prime factors of 9932165.
5, 17, 116849
List the prime factors of 391461.
3, 7, 2663
What are the prime factors of 14531152?
2, 908197
What are the prime factors of 1613341?
1129, 1429
List the prime factors of 1226238.
2, 3, 13, 79, 199
List the prime factors of 47165.
5, 9433
What are the prime factors of 15455404?
2, 43, 59, 1523
What are the prime factors of 4297254?
2, 3, 13, 37, 1489
What are the prime factors of 14397936?
2, 3, 7, 73, 587
List the prime factors of 379228.
2, 113, 839
List the prime factors of 798541.
17, 107, 439
List the prime factors of 7663798.
2, 157, 24407
List the prime factors of 190194.
2, 3, 31699
What are the prime factors of 284308?
2, 17, 37, 113
What are the prime factors of 76355?
5, 15271
What are the prime factors of 2492940?
2, 3, 5, 41549
List the prime factors of 1912979.
23, 31, 2683
List the prime factors of 284355.
3, 5, 71, 89
List the prime factors of 4343471.
11, 394861
List the prime factors of 376308.
2, 3, 10453
What are the prime factors of 564624?
2, 3, 1307
List the prime factors of 4353222.
2, 3, 725537
What are the prime factors of 751356?
2, 3, 773
What are the prime factors of 868847?
7, 124121
What are the prime factors of 402804?
2, 3, 67, 167
What are the prime factors of 658710?
2, 3, 5, 13, 563
List the prime factors of 22347804.
2, 3, 1862317
What are the prime factors of 257884?
2, 11, 5861
What are the prime factors of 4745865?
3, 5, 316391
List the prime factors of 1193732.
2, 19, 113, 139
What are the prime factors of 3064309?
43, 71263
List the prime factors of 113566.
2, 56783
What are the prime factors of 6379326?
2, 3, 19, 23, 811
List the prime factors of 3468461.
3468461
List the prime factors of 60472.
2, 7559
List the prime factors of 109154.
2, 54577
What are the prime factors of 1013382?
2, 3, 56299
What are the prime factors of 176086?
2, 17, 5179
What are the prime factors of 23372142?
2, 3, 59, 103, 641
What are the prime factors of 598952?
2, 74869
List the prime factors of 5919.
3, 1973
What are the prime factors of 16542681?
3, 23, 197, 1217
List the prime factors of 726823.
23, 31601
List the prime factors of 1948130.
2, 5, 194813
List the prime factors of 14106.
2, 3, 2351
What are the prime factors of 921134?
2, 31, 83, 179
List the prime factors of 3260560.
2, 5, 53, 769
What are the prime factors of 14044795?
5, 2808959
List the prime factors of 2140162.
2, 1070081
List the prime factors of 5068588.
2, 7, 157, 1153
What are the prime factors of 145486?
2, 11, 17, 389
What are the prime factors of 14646254?
2, 7, 643, 1627
List the prime factors of 1988184.
2, 3, 11, 17, 443
What are the prime factors of 72820?
2, 5, 11, 331
List the prime factors of 8775964.
2, 251, 8741
List the prime factors of 395524.
2, 61, 1621
List the prime factors of 6029367.
3, 2009789
List the prime factors of 1497727.
7, 11, 53, 367
List the prime factors of 31520542.
2, 15760271
What are the prime factors of 591691?
591691
List the prime factors of 11707217.
11707217
List the prime factors of 27038558.
2, 19, 139, 5119
List the prime factors of 95903.
29, 3307
List the prime factors of 7945329.
3, 7, 67, 5647
List the prime factors of 17461912.
2, 13, 19, 8837
List the prime factors of 226620.
2, 3, 5, 1259
List the prime factors of 9552924.
2, 3, 197, 449
What are the prime factors of 687306?
2, 3, 19, 6029
List the prime factors of 229568.
2, 17, 211
What are the prime factors of 9358972?
2, 7, 79, 4231
What are the prime factors of 2362446?
2, 3, 4861
What are the prime factors of 156798?
2, 3, 31, 281
What are the prime factors of 306030?
2, 3, 5, 101
List the prime factors of 3427170.
2, 3, 5, 71, 1609
What are the prime factors of 1080704?
2, 8443
What are the prime factors of 3234567?
3, 7, 154027
List the prime factors of 986648.
2, 13, 53, 179
What are the prime factors of 3826?
2, 1913
What are the prime factors of 3562287?
3, 1187429
List the prime factors of 14397762.
2, 3, 2399627
What are the prime factors of 71223?
3, 23741
What are the prime factors of 16551059?
7, 2364437
What are the prime factors of 652485?
3, 5, 43499
List the prime factors of 57402.
2, 3, 1063
What are the prime factors of 341708?
2, 85427
What are the prime factors of 357400?
2, 5, 1787
What are the prime factors of 3120978?
2, 3, 7, 19, 3911
What are the prime factors of 257412?
2, 3, 19, 1129
What are the prime factors of 144424?
2, 7, 2579
List the prime factors of 1595478.
2, 3, 59, 4507
List the prime factors of 65313.
3, 41, 59
List the prime factors of 12445231.
23, 541097
List the prime factors of 848682.
2, 3, 47149
What are the prime factors of 944347?
659, 1433
List the prime factors of 889652.
2, 197, 1129
List the prime factors of 182646.
2, 3, 73, 139
What are the prime factors of 8903271?
3, 13, 167, 1367
List the prime factors of 693495.
3, 5, 11, 467
List the prime factors of 1388103.
3, 337, 1373
List the prime factors of 3680097.
3, 1226699
What are the prime factors of 2870176?
2, 257, 349
What are the prime factors of 12298?
2, 11, 13, 43
What are the prime factors of 11353216?
2, 7, 12671
What are the prime factors of 2569771?
17, 151163
What are the prime factors of 43918948?
2, 10979737
What are the prime factors of 185332?
2, 7, 6619
List the prime factors of 21706869.
3, 7235623
What are the prime factors of 12140972?
2, 769, 3947
List the prime factors of 16627585.
5, 13, 29, 8821
What are the prime factors of 109677?
3, 36559
List the prime factors of 121284.
2, 3, 1123
What are the prime factors of 1209568?
2, 37799
What are the prime factors of 1045073?
29, 36037
List the prime factors of 3485787.
3, 1161929
What are the prime factors of 38172365?
5, 7, 11, 99149
List the prime factors of 79856.
2, 7, 23, 31
List the prime factors of 422445.
3, 5, 28163
What are the prime factors of 12853844?
2, 29, 3821
List the prime factors of 5167215.
3, 5, 114827
List the prime factors of 10346325.
3, 5, 11, 12541
What are the prime factors of 2722704?
2, 3, 131, 433
List the prime factors of 1765297.
17, 103841
List the prime factors of 3163624.
2, 395453
List the prime factors of 1492986.
2, 3, 11, 22621
List the prime factors of 5669829.
3, 11, 57271
What are the prime factors of 156253?
156253
What are the prime factors of 41891884?
2, 19, 67, 433
List the prime factors of 1786582.
2, 7, 37, 3449
List the prime factors of 3021848.
2, 53, 7127
What are the prime factors of 129929?
41, 3169
List the prime factors of 543090.
2, 3, 5, 43, 421
List the prime factors of 860850.
2, 3, 5, 1913
What are the prime factors of 190428?
2, 3, 7, 2267
List the prime factors of 1425532.
2, 19, 18757
What are the prime factors of 21460995?
3, 5, 476911
What are the prime factors of 1022257?
19, 173, 311
What are the prime factors of 9790825?
5, 11, 35603
What are the prime factors of 8679475?
5, 7, 49597
List the prime factors of 551230.
2, 5, 199, 277
List the prime factors of 304916.
2, 31, 2459
List the prime factors of 114236.
2, 28559
List the prime factors of 8041813.
13, 61, 10141
What are the prime factors of 1951314?
2, 3, 325219
What are the prime factors of 2143100?
2, 5, 29, 739
What are the prime factors of 105937?
13, 29, 281
List the prime factor